). Suppose 0 = -4*w + 8, s = o - 3*w - 3. Let l(u) = -o + 4*u + 9. Calculate l(1).
4
Let w(v) = -133 + 271 + v - 140 - 10*v**2. Determine w(2).
-40
Suppose -5*x + 7 = -4*u - 15, -4*x - 3*u - 1 = 0. Let g(w) = w - 1. Determine g(x).
1
Let r(z) = -z - 7. Let q(u) = -11*u**2 + 5*u - 5. Let l be q(1). Calculate r(l).
4
Let c(b) = -3*b + 4. Suppose 20*q = -2 + 42. Calculate c(q).
-2
Let y(n) be the first derivative of -2*n**3/3 - 3*n**2/2 - n + 3. Let w(h) = h**2 + h. Let u(r) = 5*w(r) + 2*y(r). Suppose p = i, 3 + 5 = -4*p. Determine u(i).
4
Let v(l) = 2*l**2 - 22*l**3 + 26 + 15*l**3 - 2*l**2 + 22*l**2 + 3*l. Let k(q) = -11*q**3 + 33*q**2 + 5*q + 39. Let h(r) = -5*k(r) + 8*v(r). Give h(11).
2
Let f(s) be the first derivative of -s**3/3 + 6*s**2 - 26*s + 297. Determine f(4).
6
Let p(m) = m**2 + 1 - 3*m - 1 + 3. Suppose 3*i = -6, -15*l + 12*l - i = -7. Determine p(l).
3
Let b(s) be the third derivative of s**4/12 + 2*s**3/3 + 84*s**2. Calculate b(6).
16
Let p(f) = 11*f**3 + f - 2. Let r(o) = o**3 + o**2 - 1. Let i(h) = p(h) - r(h). Suppose 0 = -3*j + 4*l - 17, -43*l = 4*j - 46*l + 11. What is i(j)?
9
Let t(w) = -2*w - 5. Let q(k) = -k**3 - 4*k**2 + 6*k - 7. Let a be q(-5). Let x = a + 21. Suppose 20 = 4*j - x*j. Calculate t(j).
3
Suppose 3*g + 61 = 19. Let c(u) = u**2 + 14*u + 3. Calculate c(g).
3
Let s(w) = 7*w**3 - 19*w**2 + 30*w - 28. Let u(m) = 3*m**3 - 9*m**2 + 15*m - 13. Let g(l) = -2*s(l) + 5*u(l). What is g(4)?
3
Suppose -4 + 0 = -c. Let g(x) = -2*x**2 + 2*x + 166*x**3 + 2*x**2 - 3*x**2 - 2*x**2 - 165*x**3 + 1. Give g(c).
-7
Let c = 14 - 8. Let j(o) = 0 + 4*o + 5*o - 2 + 9 - 11*o. What is j(c)?
-5
Let q(c) be the third derivative of c**6/120 + c**5/12 + c**4/4 + c**3/2 + 43*c**2 + 2. Determine q(-4).
-5
Let j = 163 - 37. Let u be 3/12 + j/(-24). Let l(c) = 2*c. Calculate l(u).
-10
Let l(d) = 7*d**2 + 3*d + 3. Let p(k) = -3*k**2 - k - 1. Suppose 3*f + 1 = -2*s - 12, 2*f + 2*s = -8. Let z(h) = f*p(h) - 2*l(h). What is z(-1)?
1
Let j = 983 + -1000. Let b(o) = 2*o + 40. What is b(j)?
6
Let y(p) = -p + 1. Let t = -17 + 24. Suppose -t*l - 7 + 28 = 0. Determine y(l).
-2
Let b(z) be the second derivative of -z**3/2 + z**2/2 - 4*z. Suppose -4*o = o - 2*i - 6, -2*o + 6 = i. Determine b(o).
-5
Suppose 2*q + 3*b - 7 = 0, 2*q - 13 = -3*b + 2*b. Let j(d) = -9*d**2 + 7*d + 8. Let s(z) = 2*z**2 - 1. Let g(r) = -j(r) - 4*s(r). What is g(q)?
4
Let c(l) = 4*l**2 - 8*l - 1. Let y(v) = -4*v**2 + 6*v + 1. Let u(s) = -2*c(s) - 3*y(s). What is u(-2)?
19
Let s(x) = 49*x - 8. Let p(j) = 7*j. Let z(t) = 6*p(t) - s(t). Determine z(1).
1
Let v = 26 + -25. Let x = v - 37. Let d be ((-1)/(-2))/((-6)/x). Let o(z) = -z**3 + 3*z**2 + 2*z - 3. Determine o(d).
3
Let d(f) = 22*f**2 + 12*f**2 - 42*f**2 - 6*f**3 + 9*f**2 - 1. Determine d(1).
-6
Suppose 0*v + 3*r = 2*v + 162, 232 = -3*v - r. Let a be (-246)/v - (-2)/(-13). Let x(g) = -a - 6*g + 3*g + 4*g - 5. What is x(4)?
-4
Let v(h) = -h + 3 + h**3 + 5*h**2 - h + 6*h. What is v(-4)?
3
Suppose -114 = 58*v - 77*v. Let q(i) = i. Give q(v).
6
Let n(o) = -o**3 - 2*o**2 - 10 + 7 - o**2 + 5. Determine n(-2).
-2
Let m be ((-3)/(-2) + -2)*4/(-1). Let q(w) be the third derivative of w**6/120 - w**5/20 + w**4/8 + w**2. Let o be q(m). Let k(b) = 4*b**2 - 2*b + 1. Give k(o).
13
Suppose 0 = -k, 2*k = -5*p + 2 + 3. Let u(v) = -3*v - 1. Let b(l) = 0 - 2 - 16*l - 1 - 2. Let w(h) = 2*b(h) - 11*u(h). Determine w(p).
2
Let n(h) = -2*h**2 + 6 - h**2 + 2*h**3 - 7*h - h**3. Calculate n(4).
-6
Let o(q) = 3*q - 64. Let z be o(21). Let c(d) be the second derivative of 2*d**4/3 - d**2/2 + 66*d. What is c(z)?
7
Let r(d) be the second derivative of -d**5/20 - 5*d**4/6 - 8*d**3/3 + 2*d**2 + 122*d. Calculate r(-8).
4
Let i(p) = -5*p**3 + 4*p**2 + p - 2. Let s(o) = 3*o**3 - 3*o**2 + 1. Let c(l) = -2*i(l) - 3*s(l). Let x = 2 - 4. Calculate c(x).
1
Let v(d) be the third derivative of -d**6/120 - 3*d**5/20 + d**4/2 + 2*d**3/3 + 4*d**2 + 4*d. What is v(-10)?
-16
Let b(a) = a**3 - 7*a**2 + 8. Let u = -51 + 58. Determine b(u).
8
Let u(q) = 2*q - 8. Let n(t) = 1. Let h(f) = 6*f - 16. Let j(d) = h(d) - 2*n(d). Let v(r) = r - 1. Let k(x) = -j(x) + 5*v(x). Let i be k(7). What is u(i)?
4
Let c(v) be the second derivative of v**4/12 - 3*v**3/2 - v**2 - 38*v. What is c(8)?
-10
Let t(d) = -d**3 + 9*d**2 + 5*d - 4. Let l(j) = 2*j**3 - 16*j**2 - 10*j + 8. Let u(p) = 3*l(p) + 5*t(p). Determine u(3).
-11
Let m(d) be the second derivative of -d**5/20 - d**4/12 - d**3/6 + 19*d**2 - 22*d + 3. Give m(0).
38
Suppose 0*r - 2*y + 2 = 4*r, -4*r + 17 = -3*y. Let m = -6 + 8. Let o(d) = 2*d**m + 4*d - d + 0*d**2 - 2*d. Determine o(r).
10
Suppose -3*d + 2*w + 13 = 0, 0*w - w + 4 = 0. Let f = d - 4. Let q(o) = o**3 - 3*o**2 - 4*o + 3. Determine q(f).
-9
Let t(k) = k**3 - 4*k**2 + 3*k - 4. Let n = -471 + 474. Calculate t(n).
-4
Suppose 3*o = a - 4, -2*a - 5*o + 0*o = -8. Let q(i) = i**2 - 5 - i**2 + 5*i + i**2 + i**3 - 6*i**2. Calculate q(a).
-1
Let m(z) be the second derivative of 0 + 7/6*z**3 + 3/2*z**2 + 1/12*z**4 + 4*z. Let a be (-12)/(-10)*15/(-3). Give m(a).
-3
Let k(b) = -b**2 + 21*b + 31. Let t be (66/99)/(1/33). Give k(t).
9
Let p(a) be the first derivative of a**2 + 4*a - 80. Give p(-2).
0
Let n(t) = -8*t**3 + 2*t**2 - 2*t + 1. Suppose 7 = 3*z + 4*k + 3, -3*z - 5*k = -8. Let p = -3 - z. What is n(p)?
-7
Suppose -2*a + 19 = 3*o, -2*o = -a - 3*a + 14. Suppose 3*l + 3*t = 6, -l - 4*t + 3 = -a. Let g be l/(4*2/8). Let h(c) = c + 8. What is h(g)?
8
Let m(n) be the second derivative of -n**3/6 - n**2 + 4*n. Let b(p) = 1. Let o(g) = 3*b(g) - m(g). Determine o(-8).
-3
Let n(m) = 54*m + m**2 + 3 + 82*m - 140*m + m**3 - 2 - 2. Determine n(3).
23
Let u(s) = -4*s - 2 + s + 2*s. Let c(m) = -12*m - 6. Let y be c(2). Let r = 35 + y. Determine u(r).
-7
Let r(v) = 9*v + 9. Let t(f) = -2*f - 2. Let y(s) = -r(s) - 3*t(s). Determine y(-10).
27
Let c(d) = 2*d**2 - 11*d - 2. Let p(b) = b**2 - 6*b - 1. Let y(k) = 4*c(k) - 7*p(k). Calculate y(3).
2
Let w(f) = 3*f**2 + f. Suppose 5*c - 155 = 55. Suppose 0 = 5*z - 2*m - 35, 3*z = 6*z + 3*m - c. Suppose 0 = -q + 10 - z. Calculate w(q).
4
Let o(p) = p + 5. Let j(l) = -l**3 + 11*l**2 + 25*l + 5. Let s be j(13). Suppose 9 + 23 = -4*g. Let i = s - g. Calculate o(i).
5
Let g(h) = -2*h + 5. Suppose -2*l = -0*b - 2*b + 8, 4*b + 56 = -4*l. Let c = 16 + l. Determine g(c).
-9
Let l(a) = 2*a + 1. Let o(p) = 15*p + 2. Let u(d) = 6*l(d) - o(d). What is u(4)?
-8
Let v(f) = 51*f. Let r(m) = -6 + 13 - 7 + m. Let z(a) = 68*r(a) - v(a). Give z(1).
17
Let j(z) = 28*z + 35. Let u be ((3 + -10)*-5)/(-1 + 2). Let y(p) = -3*p - 4. Let c(s) = u*y(s) + 4*j(s). Determine c(1).
7
Let x(v) = -2*v**2 + 5*v - 4. Let t(y) = y**2 - y + 2. Let d be t(-1). Suppose d*n = -11 + 23. Calculate x(n).
-7
Suppose 91 = -6*s + 13. Let k(f) = f**2 + 12*f - 6. Give k(s).
7
Let l = -16 + 18. Let r(a) = -6*a**l + 4 - 3 + a**3 - 2 + 2 + 4*a. Suppose -7*n + 25 = -2*n. What is r(n)?
-4
Let o be 9/(-210)*-7 - 174/(-20). Let h(m) = -m + 19. Calculate h(o).
10
Let f be (-1)/1*(-6 + 10)/(-4). Let o(s) be the third derivative of 13*s**6/120 + s**5/60 - s**4/12 + s**3/6 + s**2. What is o(f)?
13
Let w(l) = l**3 - 5*l**2 - 4*l - 5. Let c = 48 + -43. Determine w(c).
-25
Let x(b) = b**3 + b**2 + b + 8. Suppose -2*i = 4*i - 12. Suppose -u - i*u = 0. Calculate x(u).
8
Let i be (7/(-21))/(2/(-36)). Let h(r) = -r**2 + 5*r + 2. What is h(i)?
-4
Let k(z) = z**3 - z**2 - z - 7. Let r(s) = 5*s**2 - s + 1. Let i be r(1). Suppose -i - 7 = 4*y. Let q = y - -3. Determine k(q).
-7
Let a = -73 - -67. Let i(y) = -8*y - 5. Let u(x) = 15*x + 10. Let o(p) = 11*i(p) + 6*u(p). Calculate o(a).
-7
Let g(a) = -28*a**2 + 9*a**2 + 18*a**2 + 9 + 0 - 15*a. Calculate g(-15).
9
Let p(u) be the third derivative of -u**5/60 + 5*u**4/12 - u**3 + 26*u**2. Let r(j) be the first derivative of p(j). Determine r(10).
-10
Let r(d) = -2*d**3 + 5*d**3 + 5 - d**2 + 0 - d - 4*d**3. Suppose -30 = -2*c + 20. Suppose 4*q + 4*b + b = -c, -q + 4*b = -20. Calculate r(q).
5
Let f(s) = -8*s - 25. Let x(y) = y**2 - 34*y + 277. Let u be x(14). Determine f(u).
-1
Let l be (-2)/2*18/(-6). Let o(h) = -l*h + 4*h - h**2 - 6 - 5*h. Let t = -49 + 45. What is o(t)?
-6
Let l(h) = -664*h - 2 + 665*h + 1. Calculate l(-7).
-8
Let d be -5*(3 - (1 + -2)). Let g(o) = -o**3 - 20*